is divided by 119?
39
Calculate the remainder when 1096 is divided by 346.
58
Calculate the remainder when 280 is divided by 15.
10
Calculate the remainder when 381 is divided by 158.
65
What is the remainder when 344 is divided by 37?
11
Calculate the remainder when 832 is divided by 20.
12
Calculate the remainder when 702 is divided by 37.
36
Calculate the remainder when 2773 is divided by 37.
35
Calculate the remainder when 1341 is divided by 84.
81
Calculate the remainder when 428 is divided by 36.
32
Calculate the remainder when 1030 is divided by 6.
4
Calculate the remainder when 1005 is divided by 9.
6
What is the remainder when 6 is divided by 3?
0
Calculate the remainder when 806 is divided by 18.
14
Calculate the remainder when 4372 is divided by 6.
4
What is the remainder when 370 is divided by 31?
29
Calculate the remainder when 2163 is divided by 720.
3
Calculate the remainder when 171 is divided by 130.
41
What is the remainder when 103 is divided by 76?
27
What is the remainder when 77 is divided by 8?
5
What is the remainder when 116 is divided by 20?
16
Calculate the remainder when 3273 is divided by 39.
36
What is the remainder when 20 is divided by 8?
4
What is the remainder when 633 is divided by 162?
147
Calculate the remainder when 686 is divided by 26.
10
Calculate the remainder when 310 is divided by 53.
45
What is the remainder when 355 is divided by 9?
4
What is the remainder when 5941 is divided by 1979?
4
Calculate the remainder when 64 is divided by 43.
21
What is the remainder when 3872 is divided by 161?
8
What is the remainder when 107 is divided by 2?
1
Calculate the remainder when 80 is divided by 9.
8
What is the remainder when 415 is divided by 32?
31
What is the remainder when 1471 is divided by 11?
8
What is the remainder when 2372 is divided by 19?
16
Calculate the remainder when 128 is divided by 88.
40
What is the remainder when 1286 is divided by 86?
82
Calculate the remainder when 1454 is divided by 14.
12
Calculate the remainder when 322 is divided by 6.
4
Calculate the remainder when 149 is divided by 29.
4
Calculate the remainder when 448 is divided by 57.
49
Calculate the remainder when 371 is divided by 93.
92
What is the remainder when 825 is divided by 92?
89
Calculate the remainder when 1304 is divided by 17.
12
What is the remainder when 8428 is divided by 124?
120
Calculate the remainder when 180 is divided by 103.
77
What is the remainder when 1849 is divided by 185?
184
Calculate the remainder when 357 is divided by 72.
69
Calculate the remainder when 2650 is divided by 11.
10
What is the remainder when 450 is divided by 51?
42
What is the remainder when 31 is divided by 17?
14
What is the remainder when 1085 is divided by 358?
11
What is the remainder when 3085 is divided by 8?
5
What is the remainder when 194 is divided by 28?
26
Calculate the remainder when 132 is divided by 66.
0
What is the remainder when 144 is divided by 31?
20
Calculate the remainder when 46 is divided by 9.
1
What is the remainder when 218 is divided by 20?
18
Calculate the remainder when 3481 is divided by 580.
1
What is the remainder when 106 is divided by 16?
10
What is the remainder when 436 is divided by 49?
44
What is the remainder when 613 is divided by 199?
16
Calculate the remainder when 7345 is divided by 93.
91
What is the remainder when 44 is divided by 33?
11
Calculate the remainder when 694 is divided by 35.
29
What is the remainder when 710 is divided by 204?
98
Calculate the remainder when 483 is divided by 480.
3
Calculate the remainder when 296 is divided by 20.
16
Calculate the remainder when 695 is divided by 334.
27
What is the remainder when 245 is divided by 82?
81
Calculate the remainder when 332 is divided by 21.
17
What is the remainder when 1091 is divided by 137?
132
Calculate the remainder when 1785 is divided by 94.
93
Calculate the remainder when 1595 is divided by 322.
307
What is the remainder when 17 is divided by 7?
3
What is the remainder when 663 is divided by 331?
1
Calculate the remainder when 575 is divided by 6.
5
Calculate the remainder when 789 is divided by 33.
30
What is the remainder when 755 is divided by 11?
7
What is the remainder when 148 is divided by 77?
71
Calculate the remainder when 141 is divided by 30.
21
What is the remainder when 206 is divided by 15?
11
Calculate the remainder when 1108 is divided by 139.
135
What is the remainder when 1121 is divided by 22?
21
Calculate the remainder when 1965 is divided by 8.
5
What is the remainder when 77 is divided by 26?
25
What is the remainder when 183 is divided by 63?
57
What is the remainder when 3145 is divided by 266?
219
Calculate the remainder when 358 is divided by 139.
80
What is the remainder when 537 is divided by 20?
17
Calculate the remainder when 571 is divided by 58.
49
Calculate the remainder when 134 is divided by 43.
5
What is the remainder when 131 is divided by 80?
51
What is the remainder when 408 is divided by 193?
22
Calculate the remainder when 11051 is divided by 36.
35
Calculate the remainder when 213 is divided by 12.
9
Calculate the remainder when 748 is divided by 23.
12
Calculate the remainder when 137 is divided by 43.
8
What is the remainder when 748 is divided by 242?
22
Calculate the remainder when 502 is divided by 18.
16
What is the remainder when 1330 is divided by 93?
28
Calculate the remainder when 6841 is divided by 116.
113
Calculate the remainder when 377 is divided by 55.
47
Calculate the remainder when 34 is divided by 5.
4
What is the remainder when 2585 is divided by 334?
247
Calculate the remainder when 139 is divided by 61.
17
Calculate the remainder when 193 is divided by 43.
21
Calculate the remainder when 662 is divided by 9.
5
Calculate the remainder when 788 is divided by 296.
196
What is the remainder when 1538 is divided by 57?
56
Calculate the remainder when 1020 is divided by 19.
13
What is the remainder when 186 is divided by 7?
4
What is the remainder when 11480 is divided by 99?
95
Calculate the remainder when 170 is divided by 88.
82
Calculate the remainder when 1832 is divided by 18.
14
What is the remainder when 2085 is divided by 58?
55
What is the remainder when 139 is divided by 69?
1
What is the remainder when 204 is divided by 27?
15
What is the remainder when 284 is divided by 99?
86
What is the remainder when 145 is divided by 17?
9
What is the remainder when 1695 is divided by 6?
3
Calculate the remainder when 124 is divided by 28.
12
What is the remainder when 1194 is divided by 21?
18
What is the remainder when 2926 is divided by 326?
318
Calculate the remainder when 400 is divided by 144.
112
Calculate the remainder when 14 is divided by 8.
6
Calculate the remainder when 164 is divided by 12.
8
What is the remainder when 1020 is divided by 16?
12
Calculate the remainder when 143 is divided by 44.
11
Calculate the remainder when 4056 is divided by 19.
9
What is the remainder when 1280 is divided by 256?
0
Calculate the remainder when 14643 is divided by 16.
3
What is the remainder when 609 is divided by 34?
31
What is the remainder when 224 is divided by 26?
16
What is the remainder when 418 is divided by 47?
42
What is the remainder when 306 is divided by 162?
144
Calculate the remainder when 118 is divided by 28.
6
What is the remainder when 56 is divided by 14?
0
What is the remainder when 7582 is divided by 9?
4
Calculate the remainder when 273 is divided by 59.
37
Calculate the remainder when 249 is divided by 14.
11
Calculate the remainder when 228 is divided by 4.
0
Calculate the remainder when 18 is divided by 7.
4
Calculate the remainder when 4215 is divided by 73.
54
Calculate the remainder when 1574 is divided by 105.
104
What is the remainder when 660 is divided by 51?
48
What is the remainder when 3487 is divided by 289?
19
What is the remainder when 75 is divided by 3?
0
Calculate the remainder when 1426 is divided by 475.
1
What is the remainder when 1781 is divided by 31?
14
Calculate the remainder when 35615 is divided by 21.
20
What is the remainder when 315 is divided by 109?
97
What is the remainder when 2446 is divided by 600?
46
Calculate the remainder when 377 is divided by 3.
2
What is the remainder when 473 is di